{"id":1463,"date":"2016-09-05T20:18:10","date_gmt":"2016-09-05T20:18:10","guid":{"rendered":"http:\/\/demos.famethemes.com\/screenr\/?page_id=19"},"modified":"2018-11-22T22:05:53","modified_gmt":"2018-11-23T00:05:53","slug":"social-media-marketing-2","status":"publish","type":"page","link":"https:\/\/easyfibra.com.br\/index.php\/social-media-marketing-2\/","title":{"rendered":"Consultoria em TI"},"content":{"rendered":"<div class=\"entry-content\">\n<p>Com tanto desenvolvimento e inova\u00e7\u00e3o na tecnologia pode parecer dif\u00edcil tra\u00e7ar o caminho e a estrat\u00e9gia da \u00e1rea de TI.<\/p>\n<p>\u00c9 por isso que n\u00f3s da Easyfibra podemos te ajudar nessa jornada para alcan\u00e7ar os objetivos da sua organiza\u00e7\u00e3o com nossa Consultoria em TI.<\/p>\n<p>Com nossa vasta experi\u00eancia em diversas plataformas, softwares e equipamentos, pouparemos seu tempo e dinheiro ajudando a escolher as melhores alternativas nos projetos de melhoria, implanta\u00e7\u00e3o, integra\u00e7\u00e3o e mudan\u00e7a das tecnologias presentes na sua infraestrutura.<\/p>\n<p>Benef\u00edcios de nossa consultoria em TI<\/p>\n<p>Infraestrutura de rede<br \/>\nGovernan\u00e7a<br \/>\nPlano Diretor<br \/>\nDiagn\u00f3stico e formula\u00e7\u00e3o de solu\u00e7\u00f5es<br \/>\nTecnologia de ponta<br \/>\nSolu\u00e7\u00f5es eficientes<br \/>\nMelhoria de processos<br \/>\nProjetos<\/p>\n<\/div>\n","protected":false},"excerpt":{"rendered":"<p>A sua empresa ir\u00e1 reduzir seus custos com Tecnologia da informa\u00e7\u00e3o , maximizar o desempenho e produtividade de seus colaboradores, evitar falhas ou perda de dados que possam afetar diretamente o faturamento ou lucratividade do seu neg\u00f3cio.<\/p>\n","protected":false},"author":1,"featured_media":1221,"parent":0,"menu_order":0,"comment_status":"closed","ping_status":"closed","template":"template-frontpage.php","meta":{"footnotes":""},"_links":{"self":[{"href":"https:\/\/easyfibra.com.br\/index.php\/wp-json\/wp\/v2\/pages\/1463"}],"collection":[{"href":"https:\/\/easyfibra.com.br\/index.php\/wp-json\/wp\/v2\/pages"}],"about":[{"href":"https:\/\/easyfibra.com.br\/index.php\/wp-json\/wp\/v2\/types\/page"}],"author":[{"embeddable":true,"href":"https:\/\/easyfibra.com.br\/index.php\/wp-json\/wp\/v2\/users\/1"}],"replies":[{"embeddable":true,"href":"https:\/\/easyfibra.com.br\/index.php\/wp-json\/wp\/v2\/comments?post=1463"}],"version-history":[{"count":1,"href":"https:\/\/easyfibra.com.br\/index.php\/wp-json\/wp\/v2\/pages\/1463\/revisions"}],"predecessor-version":[{"id":1689,"href":"https:\/\/easyfibra.com.br\/index.php\/wp-json\/wp\/v2\/pages\/1463\/revisions\/1689"}],"wp:featuredmedia":[{"embeddable":true,"href":"https:\/\/easyfibra.com.br\/index.php\/wp-json\/wp\/v2\/media\/1221"}],"wp:attachment":[{"href":"https:\/\/easyfibra.com.br\/index.php\/wp-json\/wp\/v2\/media?parent=1463"}],"curies":[{"name":"wp","href":"https:\/\/api.w.org\/{rel}","templated":true}]}}