{"id":1464,"date":"2016-09-05T20:27:12","date_gmt":"2016-09-05T20:27:12","guid":{"rendered":"http:\/\/demos.famethemes.com\/screenr\/?page_id=21"},"modified":"2018-11-22T22:10:39","modified_gmt":"2018-11-23T00:10:39","slug":"mobile-apps-development-2","status":"publish","type":"page","link":"https:\/\/easyfibra.com.br\/index.php\/mobile-apps-development-2\/","title":{"rendered":"Colocation"},"content":{"rendered":"<div class=\"entry-content\">\n<p><i><b>Co-location<\/b><\/i>, <i><b>colocation<\/b><\/i> ou <i><b>housing<\/b><\/i> (aluguel de espa\u00e7o de hospedagem web ou servidores, entendido como espa\u00e7o f\u00edsico e infra-estrutura) \u00e9 uma modalidade de alojamento via web, destinada principalmente a grandes organiza\u00e7\u00f5es e a empresas de servi\u00e7os web ou hospedagem de servidores. Alguns pa\u00edses usam mais o termo <i><b>colocation<\/b><\/i>.<\/p>\n<p>Geralmente as organiza\u00e7\u00f5es recorrem \u00e0 <i>colocation<\/i> pela economia de custo e tempo obtida em aplica\u00e7\u00f5es de rede cr\u00edticas para as quais s\u00e3o necess\u00e1rias infra-estruturas aut\u00f4nomas muito caras. O compartilhamento da infra-estrutura do Centro de Processamento de Dados, proporciona significativos ganhos de escala.<\/p>\n<p>Com os recursos de <a title=\"Tecnologia da informa\u00e7\u00e3o\" href=\"https:\/\/pt.wikipedia.org\/wiki\/Tecnologia_da_informa%C3%A7%C3%A3o\">TI<\/a> e de comunica\u00e7\u00f5es localizados em local seguro, as empresas de telecomunica\u00e7\u00f5es, <a title=\"Internet\" href=\"https:\/\/pt.wikipedia.org\/wiki\/Internet\">Internet<\/a>, <a class=\"mw-redirect\" title=\"Application service provider\" href=\"https:\/\/pt.wikipedia.org\/wiki\/Application_service_provider\">ASP<\/a>, os provedores de conte\u00fado e outras organiza\u00e7\u00f5es usufruem de maior rapidez na transfer\u00eancia de dados e informa\u00e7\u00f5es, podendo dedicar mais tempo ao seu neg\u00f3cio principal.<\/p>\n<p>Finalmente, ao terceirizar a rede de tr\u00e1fego para um provedor de servi\u00e7os do <i>colocation center<\/i>, dotado de maior capacidade de transmiss\u00e3o (maior <a title=\"Largura de banda\" href=\"https:\/\/pt.wikipedia.org\/wiki\/Largura_de_banda\">Largura de banda<\/a>), a velocidade de acesso ao <i><a class=\"mw-redirect\" title=\"Website\" href=\"https:\/\/pt.wikipedia.org\/wiki\/Website\">website<\/a><\/i> ou servidor, aumenta consideravelmente. Os usu\u00e1rios reduzem seus custos de tr\u00e1fego e liberam suas <a title=\"Intranet\" href=\"https:\/\/pt.wikipedia.org\/wiki\/Intranet\">redes internas<\/a> para outros usos.<\/p>\n<p>Caso queira fazer seu or\u00e7amento, favor entrar em contato pelo telefone: (24) 2255 1082 ou pelo email: comercial@easyfibra.com.br<\/p>\n<\/div>\n","protected":false},"excerpt":{"rendered":"<p>Hospedamos o seu servidor oferecendo um SLA de 99,9% de seguran\u00e7a e conectividade. Ambiente de Tier3 de Datacenter, tudo para guardar um dos bens mais valiosos de qualquer organiza\u00e7\u00e3o, a INFORMA\u00c7\u00c3O.<\/p>\n","protected":false},"author":1,"featured_media":0,"parent":0,"menu_order":0,"comment_status":"closed","ping_status":"closed","template":"template-frontpage.php","meta":{"footnotes":""},"_links":{"self":[{"href":"https:\/\/easyfibra.com.br\/index.php\/wp-json\/wp\/v2\/pages\/1464"}],"collection":[{"href":"https:\/\/easyfibra.com.br\/index.php\/wp-json\/wp\/v2\/pages"}],"about":[{"href":"https:\/\/easyfibra.com.br\/index.php\/wp-json\/wp\/v2\/types\/page"}],"author":[{"embeddable":true,"href":"https:\/\/easyfibra.com.br\/index.php\/wp-json\/wp\/v2\/users\/1"}],"replies":[{"embeddable":true,"href":"https:\/\/easyfibra.com.br\/index.php\/wp-json\/wp\/v2\/comments?post=1464"}],"version-history":[{"count":1,"href":"https:\/\/easyfibra.com.br\/index.php\/wp-json\/wp\/v2\/pages\/1464\/revisions"}],"predecessor-version":[{"id":1692,"href":"https:\/\/easyfibra.com.br\/index.php\/wp-json\/wp\/v2\/pages\/1464\/revisions\/1692"}],"wp:attachment":[{"href":"https:\/\/easyfibra.com.br\/index.php\/wp-json\/wp\/v2\/media?parent=1464"}],"curies":[{"name":"wp","href":"https:\/\/api.w.org\/{rel}","templated":true}]}}